*c. Let t be a(c). Suppose -t*i + 140 = i. What is the units digit of i?
8
Suppose b + 4*b = 0, 4*b = 5*z - 20. Suppose -2*q = 6*m - m - 39, 5*q - 89 = -z*m. Let k = q - -6. What is the tens digit of k?
2
Let x = 116 + -76. What is the tens digit of x?
4
Let n(q) = -91*q + 240. What is the hundreds digit of n(-6)?
7
Let j = -39 - -69. Suppose -8*h + j = -354. What is the units digit of h?
8
Let c(q) = -158*q + 81. What is the units digit of c(-4)?
3
Let l(a) = -a**3 + a + 28. Suppose u - 3*n + 27 = 3*u, -u + 2*n = -17. Let f = -15 + u. What is the tens digit of l(f)?
2
What is the units digit of ((19 - 11)/(-24))/(1/(-51))?
7
Let m = -8 + 10. Let b be ((-144)/(-21))/(5/35). Suppose -3*y - 91 = -4*u, -m*y - 2*y = -2*u + b. What is the units digit of u?
2
What is the hundreds digit of (1003 - (-4 + 16)) + -1 + 0?
9
Let j be (-190)/(-40) - (-3)/(-4). Suppose -7*b = -j*b - 42. What is the units digit of b?
4
Suppose 20 = 5*m - 0. Suppose m*s = s + 9. Suppose 8*q - 325 = s*q. What is the tens digit of q?
6
Let v = 1336 - -802. What is the units digit of v?
8
Suppose 0 = -f - 4 - 0. Let a = -1 - f. What is the units digit of (-3 + 12 - a)*1?
6
What is the units digit of -374*(((-27)/6)/1 + 3)?
1
Let o(f) = -1. Let h(m) = -8*m + 19. Let s(j) = -h(j) - 5*o(j). What is the tens digit of s(14)?
9
Suppose -5*a + 283 = -2*q, 0*a + a - 71 = 4*q. Suppose 5*k - a - 530 = 0. Suppose 3*h = -3*f + k, -4*h = -f - f + 72. What is the units digit of f?
8
Let y(w) = 2*w**2 - 4*w + 3. Let c be y(2). Let z = -59 + 63. Suppose -33 = -n - c*o + 7, 70 = 2*n + z*o. What is the tens digit of n?
2
Let d(o) be the third derivative of -11*o**4/24 - 7*o**3/2 + 2*o**2. Let i be d(-6). What is the units digit of (-90)/7*(-210)/i?
0
Let z(w) = -w + 1480. What is the hundreds digit of z(0)?
4
Let l(f) = f**3 - 3*f**2 + 7. Let w(t) = -3*t**3 + 10*t**2 - 20. Let m(x) = -11*l(x) - 4*w(x). What is the units digit of m(7)?
3
Let p be 17/51 - (-1438)/6. Let f be ((-292)/(-8))/(2/p). What is the units digit of f/84 - (-1)/(-7)?
2
Suppose 0 = n - 96 + 13. Suppose -l - 4*w = -17 + 11, -3*w + 3 = 0. Suppose -2*t + 2*f = -88, 4*t - 103 - n = l*f. What is the units digit of t?
9
Suppose -49 = 4*b + 67. Suppose 4*o = 4*g - 3*g - 199, 2*g + 92 = -2*o. Let a = b - o. What is the tens digit of a?
2
Let x(n) = -2*n + 7. Let l(t) = -2*t**2 - 3*t + 3. Let c be l(-3). Let s be x(c). Let p = s - 8. What is the units digit of p?
1
Let p = -58 + 32. Suppose 218 - 3 = 5*s + 4*c, -3*c = 2*s - 79. Let q = s + p. What is the tens digit of q?
2
Suppose 2*y - 7*y + 31 = m, 2*y - 34 = -4*m. Suppose -11*h = -m*h - 10. Suppose 4*k = q - 47, k = q - h*k - 49. What is the tens digit of q?
5
Suppose -4*s - 48 = -2*s. Suppose -f - 318 = -7*f. What is the tens digit of (-8)/s + f/3?
1
What is the units digit of ((-6)/9)/(2 + (-39)/18)?
4
Suppose -5*c - 3*f + 3343 = 0, 2*c - 6*f - 1362 = -f. What is the hundreds digit of c?
6
Let a(n) = n**3 - 11*n**2 + 5. Let c be a(11). Suppose 4*p + c*m - 161 = 0, -p + 13 + 28 = m. What is the tens digit of p?
4
Let g(n) = -n**3 + 6*n**2 + 7*n - 6. Let w be g(6). Suppose 0 = -5*j + c - 34, -4*j = -0*j - 2*c + 32. Let l = j + w. What is the tens digit of l?
3
Suppose -q + 0 = -6. Let t be 2/q*0 - -3. Let r = 8 + t. What is the units digit of r?
1
Suppose 0 = w + 3, 0*m + m - 5*w = 9. What is the units digit of 2/m*(3 - 15)?
4
Let i = 495 + 290. What is the hundreds digit of i?
7
Let w(o) = -o**3 - 10*o**2 - 9*o + 3. Let f be w(-9). Suppose 2*l - 3 = -f*h, 10 = -5*h + 5*l - 10. What is the tens digit of 135/(-9)*1*h?
1
Let l be (-4)/2 + 8 + 1. Suppose -1 - l = -p. What is the units digit of p?
8
Suppose -3*s - 6 = -5*s. Suppose 0 = 6*m - s*m. Suppose m = 5*j - 15 - 35. What is the units digit of j?
0
Suppose 5*v - 2*i - 2646 = 0, -v - 3*i - 154 + 690 = 0. What is the hundreds digit of v?
5
Let q(r) = 12*r - 1. Let d = 14 + -15. Let t be q(d). Let k = t + 24. What is the tens digit of k?
1
Let d be 33/27 - -1 - 4/18. Suppose d*b + 2*z = 78, -2*z - z = -15. What is the units digit of b?
4
Let o = 274 + 6347. What is the thousands digit of o?
6
Suppose -3*f + 3*w = -1004 - 3985, 3*w = f - 1669. What is the units digit of f?
0
What is the tens digit of (-3996)/(-48) - (-10)/(-8)?
8
Let k(x) = x**3 - 5*x**2 - 3*x - 4. Let j be k(4). Let z = j - -73. What is the units digit of z?
1
Let t(u) = 2*u**2 + 7*u - 16. Let j be t(-5). Let w(f) = 76*f**2 + 4*f + 3. What is the tens digit of w(j)?
7
Let t = -297 - 85. Let u = -272 - t. Suppose -5*q + u - 35 = 0. What is the units digit of q?
5
Let n(d) = -d**2 + 2*d + 4. Let w be n(-2). Let z be ((-11)/(-22))/((-2)/w). What is the tens digit of z + -3 + 33*1?
3
Let f = 84 + -49. Suppose -2*r = -3*y + 202, 5*y - 3*r + 0*r = 336. Let x = y - f. What is the tens digit of x?
3
Let v(p) = -4*p**3 - 8*p**2 + 4. Let n be v(-2). Suppose 4*l = 33 + 7. Suppose -l*b = -n*b - 18. What is the units digit of b?
3
Suppose 521 = 16*k - 2935. Suppose -5*s + 654 + k = 0. What is the hundreds digit of s?
1
What is the tens digit of (-1 - 10 - (-22 + 16)) + 1096?
9
Suppose 1976 = 2*k + 2*x, -5*k + 7*k - x = 1991. What is the units digit of k?
3
Let w = -25 - -19. What is the tens digit of -1 + 2/1*w*-1?
1
What is the tens digit of ((-6)/12*-202)/1?
0
Let y(w) = w**2 + 5*w. Let j be y(-6). Let g(d) = d**3 - 2*d**2 + 11*d - 10. What is the tens digit of g(j)?
0
Suppose 4*v + 23 = 359. Let h be v/(-39) - 6/(-39). What is the tens digit of h/(-3) - (-121)/3?
4
Suppose 6*v = 11*v - 3315. What is the tens digit of v?
6
Let j(f) be the second derivative of -f**4/12 + 7*f**3/2 - 13*f**2 + 10*f. What is the units digit of j(9)?
2
Let a = -660 + 969. Suppose 4*r = r + a. What is the units digit of r?
3
Let y(h) = h - 2. Let q be y(2). Suppose q = 5*n + w - 443, 5*w + 505 = 4*n + 139. What is the tens digit of n?
8
Let p = 344 - 98. What is the units digit of (p/2)/(16/4 - 3)?
3
Let o = -4 + -1. Let l = o - 1. Let k(v) = v**3 + 7*v**2 - 2*v - 6. What is the tens digit of k(l)?
4
Suppose 0 = 5*z - b - 42, -2*z - 2*z + 48 = 4*b. Suppose 3*x = 0, 4*x + z = 3*w + x. Suppose -12 = -w*s + 2*s. What is the tens digit of s?
1
What is the hundreds digit of 1/(-6) + (-50315)/(-174)?
2
Let z(j) = j**2 + 11*j - 16. Let q be z(-12). What is the tens digit of ((-58)/q - 6)/((-1)/(-2))?
1
Let f(t) = 7*t**2 + 11*t + 31. Let d(i) = 3*i**2 + 6*i + 15. Let b(p) = 5*d(p) - 2*f(p). What is the units digit of b(-7)?
6
Let p be (-140)/(-42) + (-1)/3. Suppose 0 = -r + 4*a + 8, 0 = 2*r + 3*r + p*a + 6. Suppose 10*l - 4*l - 174 = r. What is the tens digit of l?
2
Suppose 55*d = 194255 + 43895. What is the thousands digit of d?
4
Let b be (6/9)/(14/777). Suppose b - 100 = -3*p - 4*s, -3*p = -5*s - 63. What is the units digit of p?
1
Let u(x) = 3*x**2 - x - 2. Let v be u(-1). Let c be v/4 + 17/(-2). Let y = 10 + c. What is the units digit of y?
2
Let u = 444 + 397. What is the units digit of u?
1
Let q = -130 - -132. Let v(w) = 61*w**2 - 2*w + 2. What is the hundreds digit of v(q)?
2
Let h(s) = s**3 + 2*s**2 - 6*s - 4. Let y be h(-4). Let p = 38 - y. What is the units digit of p?
0
Let c = -11 + 21. Let x(z) = -z**3 + 9*z**2 + 10*z - 3. Let d be x(c). Let s = d + 18. What is the tens digit of s?
1
What is the hundreds digit of (-2)/22 + (-118371)/(-363)?
3
Suppose -t + 678 = -0*t. What is the tens digit of t/9 - 2/(-3)?
7
Let t = -2 + 3. Let a(x) = 66*x**3 - x**2 + x - 1. What is the tens digit of a(t)?
6
Suppose 0 = 41*u - 44*u + 3702. What is the thousands digit of u?
1
Let z(f) = 5 - 21*f + 6*f - 9*f + 0. Let c be z(-6). Suppose 4*t + 5*m - c = 0, 5*m - 113 = 2*t - 5*t. What is the tens digit of t?
3
Let q(v) = -v**2 + 9*v + 13. Let n be q(10). Suppose n*y - 3 = 18. What is the units digit of y?
7
Suppose -109 - 151 = -2*m + d, 137 = m + 3*d. What is the tens digit of m?
3
Let y = -76 + 616. Suppose -4*i + y = 148. What is the units digit of i?
8
Suppose 3*g = -2*a + 538, 4*a - 7*a = -2*g - 781. What is the hundreds digit of a?
2
Suppose -10*a + 147 = 11*a. Let r be (0 + -3)/(2/(-6)). Let b = a + r. What is the tens digit of b?
1
Suppose -5*v = 4*y - 1, -3*v + v - 20 = 5*y. Let o(l) = 6*l**2 - 8*l - 20. What is the hundreds digit of o(y)?
2
Suppose -15*v + 12091 - 4531 = 0. What is the hundreds dig